*j - 314. List the prime factors of s.
2, 19
Let r = 55 - 1. List the prime factors of r.
2, 3
Suppose -5*t = 4*h - 252 - 26, 4*h = 4*t + 296. List the prime factors of h.
2, 3
Suppose 2*v = t + 155, 4*t = 2*v - 4*v + 160. List the prime factors of v/(-12)*(-1 - 1).
13
Let g = 397 - 267. List the prime factors of g.
2, 5, 13
Suppose 0*t = -2*t + 10. Let i = 3 - t. What are the prime factors of (-20)/(-15)*(-15)/i?
2, 5
Suppose 3*g + 2*g - 2*k - 386 = 0, -k = g - 73. Suppose -4*x + 0*x + g = 0. What are the prime factors of x?
19
Let i(c) = -c. Suppose 0 = -0*a + 5*a - 25. Let j be i(a). List the prime factors of ((j + 2)*-4)/1.
2, 3
Suppose 0*g + 51 = -g. Let q = g - -75. What are the prime factors of q?
2, 3
Let s(g) = -g + 2. Let w be s(-2). Let r = 6 - 6. Let c = r + w. What are the prime factors of c?
2
Let t(l) = -l**3 + 8*l**2 - 5*l. Let k be t(7). List the prime factors of 612/63 + 4/k.
2, 5
Suppose -1 = 2*b - 11. Let m = 8 - b. Suppose -54 = -4*g - 2*c, g + 2*c - m*c - 18 = 0. List the prime factors of g.
3, 5
Let s(n) = 0 + 2*n + n + n**2 - 1. Let x be s(4). Suppose p + 2*p - x = 0. List the prime factors of p.
3
Suppose -2*c + 5*s - 644 = -4*c, -c + 3*s + 322 = 0. List the prime factors of c.
2, 7, 23
Suppose 4*x + 6 + 5 = -g, 4*x + 47 = 3*g. Let c = 14 - g. Suppose -c*s + 26 = 6. What are the prime factors of s?
2
Let j = 115 - 70. List the prime factors of j.
3, 5
Let p(k) = 79*k**2 - 2*k - 1. Let m be p(-1). Let y = -34 + m. What are the prime factors of y?
2, 23
Let v be 2*((-1)/2 + 0). Let x(a) = -a**3 + 2*a - 1. Let w be x(-2). Let c = w + v. List the prime factors of c.
2
Suppose t = i - 0*t - 15, -i = t - 9. What are the prime factors of i?
2, 3
What are the prime factors of ((-458)/(-10))/(8/40)?
229
List the prime factors of 1 - -9 - (-5 + 2).
13
Suppose 14 = -t - 5. Let p = t + 32. What are the prime factors of p?
13
Suppose 5*k = 15 - 70. Let c = k - -51. List the prime factors of c.
2, 5
Suppose 5*y - 239 = 4*u, 4*y + 6*u = u + 224. What are the prime factors of y?
3, 17
Let a = -10 - -14. Suppose -5*w - 5 = 0, 0 = s + a*w - 2 - 2. What are the prime factors of s?
2
Let b(d) = -d**2 - 3*d + 5. Let v be b(-4). Let l be 2/(-3) + 22/6. What are the prime factors of 22*v + -6 + l?
19
Let z(v) = -27*v - 2. What are the prime factors of z(-3)?
79
Let m(w) = 4*w**3 - w - w**2 + 36 + w - 38. List the prime factors of m(2).
2, 13
Suppose -21 = -i - 0*a - 2*a, i - 27 = a. What are the prime factors of i?
5
Let d(y) = 0*y + 5 + 5*y**2 - 4*y**2 + y. Let h be d(0). Suppose 2*k = -r + 6 + 5, 0 = h*r + 5*k - 45. What are the prime factors of r?
7
Suppose -16 = -4*b + 192. Suppose -4*w = f - 67, -3*w - 2*f + b = -3*f. List the prime factors of w.
17
Suppose 3*z + 12 = -4*i, -3*i - 15 - 1 = 4*z. What are the prime factors of (-29)/z - (-4)/(-16)?
7
Suppose -17 = -2*n + 19. What are the prime factors of (-1)/(-3) + 192/n?
11
Suppose 4*t - 275 = -5*z, 0*z - 220 = -4*z + 3*t. Suppose 3*c = -2*c + z. What are the prime factors of c?
11
Let a(u) = u**3 - 4*u**2. Suppose f = -3*f + 16. Let w be a(f). What are the prime factors of w + 2 + 4 + -1?
5
Let c(h) = 3*h**2 - 6*h - 7. What are the prime factors of c(-7)?
2, 7, 13
Suppose 0*n + g = n, n + g = 8. Suppose -x = -n*x + 9. Suppose -x*d - 4*m + 21 = m, 3*m + 57 = 4*d. What are the prime factors of d?
2, 3
Suppose 5*h + 21 = a, -3*a - 5*h = -a + 18. Let l = a - -6. List the prime factors of l.
7
Let x(c) = -c**3 + 7*c**2 + 3*c + 13. List the prime factors of x(7).
2, 17
Suppose 4*r - d = 226, -5*r - 4*d = -5*d - 283. List the prime factors of r.
3, 19
Let d = 96 - 93. Let i(k) = -2*k**3 - 2*k**2 - k - 1. Let o be i(-2). Suppose w = -5*x + 20, -3*w - x + d*x + o = 0. List the prime factors of w.
5
Suppose 3*l + 5*c = 2*c - 69, -2*c = 4*l + 94. Let b = l + 34. List the prime factors of b.
2, 5
Suppose -4*h = 96 - 316. Suppose -70 = -2*d - 3*d - 5*y, -h = -5*d - 2*y. What are the prime factors of d?
3
Let p(q) = 4*q - 26. What are the prime factors of p(16)?
2, 19
Let o = -1 + 2. What are the prime factors of (o/(-3))/(1/(-30))?
2, 5
Suppose 0 = -3*z - 0*z + 315. What are the prime factors of z?
3, 5, 7
Suppose 2*u + 24 = -3*k, 5*u - 2*u + 3 = k. Let g be 24/14 + k/(-21). Let c = 2 + g. What are the prime factors of c?
2
Let q(y) = -y + 14. Let h be q(6). Let b be (h/10)/((-4)/(-10)). Suppose -3*x + b*x = 4*n - 23, n = 4. What are the prime factors of x?
7
Let y(l) = l + 2. Let x be y(4). Suppose x = 4*i + 14. List the prime factors of (i/6)/(2/(-42)).
7
Suppose t + 1 = 21. Suppose -b = 0, -3*m - 5*b = -1 - 8. Suppose -a = m*a - t. What are the prime factors of a?
5
Suppose 0 = s, 4*s - 2*s - 8 = -d. Suppose 3*a = 5*a + d. Let k(h) = h**2 + 3*h + 5. List the prime factors of k(a).
3
Suppose o = 4*c - 112, -2*c = 3*o - 8*o - 38. What are the prime factors of c?
29
Let z = 0 + 2. Suppose -43 + 9 = -z*a + 2*r, 0 = 5*a - r - 89. List the prime factors of a.
2, 3
Let i = 245 + -144. Suppose s = -c + 35, 0*s + 3*s + c - i = 0. List the prime factors of s.
3, 11
What are the prime factors of -1*(3 + 1*-8)?
5
Let c(p) = -11*p - 6 + 14*p + p. List the prime factors of c(8).
2, 13
Let z(s) = 16*s**2 - 12*s - 15. List the prime factors of z(-4).
17
Suppose -3*h + 12 = 0, -a + 11 + 16 = 4*h. Let m(q) = q - 3. List the prime factors of m(a).
2
Let f = -8 + 14. Let t be 3 + 3 + f/(-3). Suppose -6 - 2 = -t*p. What are the prime factors of p?
2
Let u(b) be the first derivative of b**7/840 - b**6/180 - b**4/8 + 2*b**3/3 + 2. Let p(y) be the third derivative of u(y). List the prime factors of p(3).
2, 3
Suppose h + 3*h - 8 = 0. Suppose 0 = -h*q + 4*q + 4. List the prime factors of (-3 - (q - -1)) + 7.
5
Suppose 0 = 3*n - 109 - 122. List the prime factors of n.
7, 11
Let i(w) = -2*w**3 - 2*w**2 + 2*w + 2. Let m be i(-2). Suppose 0 = -m*j + j + 115. What are the prime factors of j?
23
Let s = 44 + -24. List the prime factors of s.
2, 5
List the prime factors of 18/(2 + (-20)/15).
3
Let y(t) = -6*t - 11. What are the prime factors of y(-8)?
37
Suppose 3*a = 4*b - 2*a - 133, -3*b + 96 = -3*a. List the prime factors of b.
3
Let m(f) = -3*f - 4. Let n(i) = -i - 1. Let v(z) = -m(z) + 4*n(z). Suppose -3*g - 15 = -0*g. List the prime factors of v(g).
5
Suppose 5*h - 26 = 124. Let n = h + -12. Suppose 3*d = -5*s + 17 + n, 5*s = 5. What are the prime factors of d?
2, 5
Let i(w) = w**2 - 2*w + 6. Let j be i(6). Suppose -5*k + 5*p + j = 0, -2*k - p + 24 = 2*k. What are the prime factors of k?
2, 3
Suppose l = -l + 26. Suppose 0 = -j, l = 3*m - 2*j - 5. Suppose -3*u + m = -2*u. What are the prime factors of u?
2, 3
Let r be 4/(-6) + (-28)/(-6). Suppose -3*f = -5*b - 3, -r*f = -7*b + 2*b - 4. Suppose -2*x + b = -4. What are the prime factors of x?
2
Suppose 151 = 2*l - 5*d, 391 = 2*l + 3*l + d. Suppose 2*g = 4*g - l. What are the prime factors of g?
3, 13
What are the prime factors of -2 + 2/1 + 51?
3, 17
List the prime factors of (-3 + 0)*1 + 14.
11
Let t(g) = 56 - 56 - 2*g. Let p(z) = z**3 + 5*z**2 - 6*z - 6. Let v be p(-6). List the prime factors of t(v).
2, 3
Let t(r) = r**3 - 4*r**2 + 4*r. Let n be t(3). Let w be (2/(-8))/((-3)/12). Suppose -n*p + 5 = -w. List the prime factors of p.
2
Suppose -3*j - 2*j + 5 = 2*c, 0 = 2*j + c - 1. Suppose n - j*n + 6 = 0. Suppose -n*h - 2*l + 44 = 0, -25 = -5*h + 4*l + 19. List the prime factors of h.
2, 3
Suppose 47 = -4*n - 193. Let g be 2 + -2 + -1 + -42. Let c = g - n. What are the prime factors of c?
17
Let p = -6 - -19. Let m(i) = -i**2 - 6*i + 8. Let h be m(-8). Let o = p + h. What are the prime factors of o?
5
Let n(f) = -f**2 + 16*f - 25. List the prime factors of n(12).
23
Suppose -2*b + 4*k = -54, -95 = -4*b - 6*k + k. Suppose 109 = -3*y + b. List the prime factors of y/(-8) - (-1)/2.
2
Suppose -2*m + 11 = -2*k - 11, -5*k - m - 31 = 0. Let i = k + 10. Suppose l - 13 = -2*l - 4*x, 19 = i*l + x. What are the prime factors of l?
7
Let h = 16 + -17. List the prime factors of h/2*(3 - 37).
17
Let b(u) = 1 + 6*u - 4*u + 0*u. What are the prime factors of b(1)?
3
Suppose -t = -3*u + t + 1, 4 = 5*u - t. Let c be u - 0 - (6 - 7). Suppose -48 = -2*n - c*n. What are the prime factors of n?
2, 3
Let w(f) = -f - 10. Let a be w(-7). Let c be (-3)/(18/(-14))*a. Let j = c - -15. List the p